o).
-3
Let x(s) be the third derivative of -s**4/6 - s**3 - 104*s**2 + 3. Calculate x(-3).
6
Let o(s) = 28*s - 66. Let x(g) = -40*g + 98. Let b(v) = 7*o(v) + 5*x(v). Determine b(10).
-12
Let s be 3/(-6) - (-9)/2. Suppose 0 = 6*o + 34 + 20. Let j = o + s. Let n(a) = -a**3 - 6*a**2 - 5*a + 5. What is n(j)?
5
Let o(j) = -j**3 - 6*j**2 - 5*j. Let w(h) = -3*h**2 - 31*h - 15. Let k be w(-10). What is o(k)?
0
Suppose 18*c = 11*c - 7. Let a(m) be the first derivative of -6*m**2 - m - 3. What is a(c)?
11
Let d(w) = 1 - 8*w - 3 - 9*w - 22*w + 41*w. Suppose -5*k - 5*b = -2*b - 11, -k - 2 = 2*b. Suppose 5*v - k*f + 32 = v, 0 = f - 5. Give d(v).
-8
Let d(z) be the first derivative of 5*z**3/3 - 3*z**2 - 40*z - 1. Let x(k) = k**2 - k - 8. Let s(a) = -2*d(a) + 11*x(a). Suppose 0 = -r - r. What is s(r)?
-8
Let b(v) = -v**3 - 2*v**2 - v - 2. Let n be (2*(-1)/(-3))/(4/(-18)). What is b(n)?
10
Let g(b) = -b**3 + 3*b**2 + 10*b + 8. Let r(m) = 3*m**3 - 8*m**2 - 31*m - 24. Let q(c) = -7*g(c) - 2*r(c). Give q(7).
34
Let l(y) = -y**3 + 4*y + 2*y**2 + 1569 - 1569. Let r = -17 + 20. Give l(r).
3
Let m(o) be the third derivative of o**6/120 + 13*o**5/60 + 13*o**4/24 + 17*o**3/6 + 247*o**2. Calculate m(-12).
5
Let t(a) be the third derivative of -a**5/120 - a**4/4 + 7*a**3/3 + 15*a**2. Let d(b) be the first derivative of t(b). Determine d(0).
-6
Let k(z) = z**3 - z**2 - z - 1. Let d(v) = -v + 2. Let a be d(-4). Let b(t) = 2*t**2 - 12*t + 2. Let i be b(a). What is k(i)?
1
Let a(f) = f**2 - 12*f - 10. Let n(q) = -25*q - 18. Let j(d) = -d**2 - 25*d - 17. Let x(l) = 3*j(l) - 4*n(l). Let m(o) = -5*a(o) - 2*x(o). Determine m(-8).
-8
Let f(q) = q**2 - 10*q + 16. Let t be (7 - -6) + -1 + -4 + 1. What is f(t)?
7
Suppose d = 3 + 27. Suppose -2*u - d = -7*u. Let q(n) = 6*n - 15. Let a(g) = -g + 1. Let r(l) = -5*a(l) - q(l). Calculate r(u).
4
Let a(b) = -4*b**2 - 13*b + 9. Let h(o) = -3*o**2 - 10*o + 8. Let m(x) = -4*a(x) + 5*h(x). Determine m(3).
19
Let g(z) = -9*z + 15. Let s(f) = 5*f - 8. Suppose -5*d - 35 = 20. Let m = d + 18. Let c(b) = m*s(b) + 4*g(b). Determine c(6).
-2
Let k(b) = -b**3 - 3*b**2 + 3*b. Let r be k(-4). Suppose r*m + 20 + 4 = 0. Let t(y) = -y + 2. Calculate t(m).
8
Let l(w) = w**2 - 9*w + 6. Let g = -99 - -103. Determine l(g).
-14
Let b(s) = 0*s**2 - 502 - s - 2*s**2 + 505 - 4*s - 3*s**2 - s**3. Give b(-5).
28
Let f(b) be the first derivative of 1/2*b**2 - 8*b + 39. What is f(6)?
-2
Let d(n) = n**3 + 6*n**2 + 2*n + 6. Let b(c) be the second derivative of c**4/4 + 4*c**3 - 3*c**2 - 27*c. Let w be b(-8). Calculate d(w).
-6
Suppose -15*z = 19*z + 408. Let r(o) = o**2 + 15*o + 17. Calculate r(z).
-19
Let g(j) = -j**2 - 8*j + 6. Let r be g(-7). Let c = r - 10. Let p(t) = 3*t**2 + 2*t**3 - 3*t - 1 - 5*t**c + 4*t**3. Calculate p(-3).
8
Let s(g) = -3*g - 1. Let j(t) = -19*t. Let b be j(0). Determine s(b).
-1
Let m(n) = 5*n**2 + 137*n**3 - 25 + 15*n - 138*n**3 - 5*n. Give m(6).
-1
Let q = 178 - 173. Let m(r) be the second derivative of -2*r - 1/2*r**2 + 0 - 1/20*r**q + 5/12*r**4 - 1/6*r**3. Calculate m(5).
-6
Let f(v) = -v + 17. Suppose 11*b - 1 = -4*k + 6*b, 2*k + 37 = 5*b. Determine f(k).
23
Let u(b) be the second derivative of b**4/4 + b**3/3 + b**2 - 312*b. Let o(m) = -m - 9. Let a be o(-7). Give u(a).
10
Suppose -g - 84 = 2*v - 4*v, 2*g = 2*v - 174. Let t be 20/g + 94/18. Let o(u) = 0 - 7*u + t*u + 3*u**2 - 1. What is o(-1)?
4
Suppose 10 = -2*v, 2*u + 2*v + 2*v = 14. Suppose 5*y + 37 = 4*f, -u = f + 4*y - 0. Let g(i) = 66*i**2 + i**3 - 4*i + 2 - 70*i**2 + 6*i. Give g(f).
-1
Let v(h) = h**3 + 4*h**2 - h - 4. Suppose 7*o = -o - 32. Give v(o).
0
Suppose q = u, -3*q + 16 = 2*q - u. Let w(g) = q*g - 3*g + 1 - 2*g. Let o = -13 + 11. Give w(o).
3
Let u(z) be the second derivative of -1/20*z**5 + 5*z + 4*z**2 + 0 + 1/12*z**4 + 0*z**3. What is u(0)?
8
Suppose 27*c - 54 - 27 = 0. Let w be 1/(-1*1/(-12)). Let z be 15/12*w/c. Let j(h) = h**2 - 6*h - 2. Give j(z).
-7
Let x(u) = u**2 + u - 2. Let t(y) = -2*y**2 - 7*y + 5. Let g(z) = -t(z) - 3*x(z). What is g(3)?
4
Let a(z) = 1 + 14*z**2 - z**3 - 11 - 9*z**2 + z + 4*z**2. Determine a(9).
-1
Suppose -g + m + 5 = 0, -2*m + 32 = 3*g - 8. Suppose -3*v + v = g. Let y(t) be the first derivative of t**2/2 + 10*t + 86. Calculate y(v).
5
Let x(v) = v**3 - v**2 - 2*v. Suppose 0 = -4*b + 16, -y + 53 = -4*y + 5*b. Let m(a) = a**2 + 13*a + 25. Let t be m(y). Calculate x(t).
12
Let w be 0 - (-12)/((-2)/(-8)*-3). Let c(q) = -2*q - 24. What is c(w)?
8
Suppose 29*x - 2 = 27. Let v(h) = -4*h**3 + 2*h**2 - h. Calculate v(x).
-3
Let z be 8/((-8)/(-5)) + -4. Let p(m) = -12*m**2 - m. Determine p(z).
-13
Suppose 16*i = 13*i - 3. Let f be (-33)/(-11) + i + 19. Suppose 2*y + 14 = 3*d - 8*d, 3*d + f = 3*y. Let j(g) = -g**3 - 3*g**2 + 5*g + 2. Calculate j(d).
-2
Let o(f) = -6*f + 46. Let r(q) = -2*q + 15. Let c(i) = 5*o(i) - 16*r(i). Let m = 606 + -598. Calculate c(m).
6
Let c(i) = -3*i + 1. Let l(n) = 11*n - 5. Let f(k) = 6*c(k) + l(k). Let r be ((-3)/6)/((-2)/(-16)). Let z = r + 6. Calculate f(z).
-13
Let v(g) be the second derivative of -g**5/5 - g**4/24 - 20*g**2 + 13*g. Let b(u) be the first derivative of v(u). What is b(1)?
-13
Let k = 43 + -42. Let a(v) = 7*v + k + 12*v - 10*v. Determine a(1).
10
Suppose -5*p + 77 - 112 = 0. Let o(t) be the second derivative of t**3/6 + 6*t**2 + 4*t. Let f be o(p). Let z(a) = -a**3 + 6*a**2 - 4*a - 1. Calculate z(f).
4
Let j be (8 - 3)*2/2. Suppose -q - j*y + 9 = -13, -q + 3*y = 10. Let w(t) = -5*t**2 - 2 + 0*t**q + 3. Calculate w(-1).
-4
Let m be -4*((-21)/(-6) - 4). Let h be -2 - (0 + 0) - -4. Let t(v) = 1 + 2*v**h + v**3 - 2 - 6*v**2. What is t(m)?
-9
Let y(k) = 2*k**3 + 9*k**3 - k + 2*k - 3*k**2 - 10*k**3. Let b = 17 - 12. Let t be (-2 + 1)/(b/(-15)). Calculate y(t).
3
Let y(r) = 2*r - r**3 + 0*r - 2 + 1 + 2*r**2. Let b = 12 + -14. Let j be b*3/(-2) + 0. Determine y(j).
-4
Let a be -2*4*5/20. Let m(c) = 4*c. Give m(a).
-8
Let x(c) = -c - 5. Suppose 6*v - 601 = -169. Let q = 72 - v. Determine x(q).
-5
Let h be (-62 - (-6 + 0)) + -1*1. Let a = h - -63. Let l(v) = -v**3 + 6*v**2 + v + 4. What is l(a)?
10
Let a(w) = 2*w + 2. Let s(j) = j + 1. Let m(r) = -4*a(r) + 7*s(r). Suppose 2*b = -b + 15. Let t = -11 + b. Determine m(t).
5
Let w(t) = t + 1. Let g(h) = -h**3 + 6*h**2 + 6*h + 3. Let y be ((-4)/(-6))/((-20)/(-210)). Let l be g(y). Let n(c) = 2*c + 1. Let q be n(l). Calculate w(q).
-6
Let n(a) = 2*a - 2. Let w(j) = 2*j - 3. Let d(b) = 3*n(b) - 4*w(b). Let y = 37 + -35. Suppose y*k = -10, 4*q - q - k = 23. Determine d(q).
-6
Let m be 4/5 + (-55)/(-25). Let f be (0 + -6)*m/(-6). Let k(h) = 17*h + 2 + 5*h**2 + 0*h**2 - 13*h + h**f. Give k(-4).
2
Let s(f) = -2 - 1 - f**2 - 5*f + f**3 - 2*f**2. Let k be (44/8)/(-1)*-2. Let v = k + -7. What is s(v)?
-7
Let n(p) be the third derivative of p**5/60 - 5*p**4/24 + p**3/2 - p**2. Let q be (10/(-7))/(4/(-42)*(-195)/(-65)). What is n(q)?
3
Let z(r) = 5*r - 2. Let q be z(-1). Let t(g) = g**2 + 6*g - 2. Calculate t(q).
5
Let d(l) = 18 + l - 23 - 2. Determine d(3).
-4
Let n(m) = 38*m**2 - 74*m**2 + m**3 + 49*m**2 + 10 + 13*m. Determine n(-12).
-2
Let o(b) be the first derivative of -b**3/3 + 3*b**2 - 81. Give o(5).
5
Let r(m) = m**2 + 6*m - 2. Suppose -2*k + 30 = 12. Suppose -k*d = -10*d - 1. Let x = d - 6. What is r(x)?
5
Let p = 7 - 10. Let x(u) = -u**2 - 9*u - 16. Let c be x(-6). Let g(l) = 4*l**c + 2*l**3 + 3*l**2 - 3 - l**3 - 4*l**2. Determine g(p).
-3
Let k be 4/(-5)*(22/4 - 3). Let q(n) = 3*n**2 - 5*n - 8. Let c(f) = -4*f**2 + 4*f + 8. Let u(d) = k*c(d) - 3*q(d). Determine u(6).
14
Let y be ((-5)/2 - -1)*20/(-15). Let b be y/2 - (7 + -3). Let h(j) = 2*j + 3. What is h(b)?
-3
Let y(x) = -4*x**3 + 3*x**2 - 6*x - 45. Let a(b) = 3*b**3 - 2*b**2 + 4*b + 44. Let g(m) = -3*a(m) - 2*y(m). Give g(0).
-42
Suppose 5 = 7*r - 2*r. Let t(k) = k + 6 - 2 - 3 + r. Determine t(-5).
-3
Let u = -8 + 10. Let d(v) = -6*v**3 - 5*v + 22*v**3 - v**3 + 3*v**2. Let w(y) = -8*y**3 - y**2 + 2*y. Let c(t) = u*d(t) + 5*w(t). What is c(1)?
-9
Let r(c) = 21*c + 3. Let h(s) = 4*s + 1. Let w(o) = -10*h(o) + 2*r(o). Give w(4).
4
Let f = -1001 - -1014. Let g(r) = -r**3 + 12*r**2 + 14*r - 2. Determine g(f).
11
Let k(i) be the third derivative of 5*i**4/24 + i**3/3 + 3*i**2. Let l(u) = -u - 1. Let p(o) = 3*k